 - (122 - 35))?
29
What is the value of 2190 - 2181 - (-24 + 2)?
31
Evaluate (-98 - -18) + -132 + 274.
62
Evaluate -9 + -4 + -1 + 7 + -8 + 1.
-14
Evaluate -91 - (-105 + (61 - -26)).
-73
What is 309 + -87 - 109 - 39?
74
What is 1 + 13 + -33 + (36 - 2) + -11 - -11?
15
Calculate -9 - 1 - (-22 + 59 - 77).
30
(56 - -49) + (-37 - 136)
-68
Calculate (3 - (-7 + 6 + 4)) + 11 + -1 + -23.
-13
-77 + -13 + 2 - 18
-106
Calculate -4 + (1 - 1) + -1 + (-5979 - -5954).
-30
Calculate (9410 - 9410) + (-1 + -1 - 5).
-7
Calculate -16 - (17 + (0 + -103 - -7 - -7)).
56
What is the value of 8 + -4 + (-20 - -53) + (-6 - (5 - 0))?
26
Calculate -24 - (-5 + 0) - (-33 + 30 - -15).
-31
What is the value of -43 + (-38 - -46) + -10?
-45
(-42 - -2 - (197 - 195)) + (0 - 0)
-42
-147 + (220 - -37) - -22
132
What is the value of 0 - 74 - (-20 + 27 + 5 + -13)?
-73
What is the value of (1 + -3 - 125) + 0 + -183 + 253 + -70?
-127
What is the value of (-7 - (-17 + 1) - 11) + 44?
42
Evaluate 196 + -204 + 3 + -3 + 7 + -15.
-16
Evaluate -11 + (210 - (-31 - -124)) + (-1 - -2) + -2.
105
Calculate (-1 - -2 - -63) + -54 + (-61 - -92 - -38).
79
Calculate 66 - (-32 + 19 + (10 - 3) + 0).
72
Calculate -18 + (-12 + 34 + -22 - 8) + 23.
-3
What is the value of -8 + (-5 - -32) + -8 - (47 - (-24 + 49))?
-11
Calculate (8 - ((-11 - -8) + 2)) + (-4 + 0 - 1).
4
What is the value of -31 + -2 + 654 + -758?
-137
What is 12 + (-63 - (-116 + 118))?
-53
Calculate -3 + -30 + (-7 - (4 - (12 + -17))).
-49
(-4 + (12 - 13) - -130) + (152 - 174)
103
Calculate -22 + -42 - (-7 + -28).
-29
Calculate (-17 - -20 - 18) + 17 + -37.
-35
What is 6 + 0 + 68 + -88 + 1 + 9 + -21?
-25
What is -66 + 41 - -14 - 3 - (3 - 68)?
51
Calculate 18 + (381 + -371 - (-2 + 29)) + -99 + 1.
-97
What is the value of 15 + (-75 - -6 - 0) + -2 + -9?
-65
-7 + (8 - 5) - (28 + -20) - 24
-36
Calculate -73 - -74 - 13 - -5.
-7
Calculate 13 + -6 + -36 + (75 - 103).
-57
Evaluate 22 + (30 - (19 - 19)).
52
What is the value of 80 + (145 + -37 - 56)?
132
-6 - (20 + -29 - (-4 + (1 - 5)))
-5
Calculate -389 + 343 + 89 + 3.
46
34 + (1 - (9 + (-6 - 7) - -14) - -9)
34
(30 - ((-57 - -26) + 13)) + -5 + -2
41
Calculate (160 - 156) + 23 + -1 + -5.
21
What is 28 - (28 - (-9 - (16 - 32)))?
7
(45 - 57) + 102 + -46 - -16
60
Evaluate 9 + (233 - 235 - (3 + (31 + 2 - 0))).
-29
Calculate (6 - (-1 - -26)) + -45 + (78 - 17).
-3
11 + (11 - (-57 - -116)) - (20 - 1)
-56
(-2 - (-1 - -1) - -2) + (-28104 - -28097)
-7
106 - ((81 - 0) + 16)
9
What is 34 + (-54 - (-13 - 3) - -17)?
13
What is -39 - (-256 + 209) - (-1 + 16 + 2 - 0)?
-9
Evaluate 4 - 53 - (-63 + 27 + 44).
-57
What is 2 - ((1 - 78) + -8 + (30 - 19 - -10))?
66
40 + -1 + 1 + (24 - (14 + (22 - 21)))
49
Evaluate -1 + 11 + -26 + 68 + 17 + 3.
72
Calculate 124 + -5 + (909 - 998).
30
-39 + -3 + 4 - (52 - (-58 - -113))
-35
Evaluate -1 + (2 - -2) + (33 - (10 + 21)) + 14.
19
What is 54 + 7 - (38 + -33 + 18)?
38
-720 - -739 - ((2 - -63) + 2)
-48
(-52 - (-70 - 100)) + -77
41
(9 + -1 + -35 + 31 + -7 - 31) + 1
-33
Evaluate 1295 - 1253 - (3 - 0).
39
Calculate (-34 - -71 - 41) + -20.
-24
26 - 0 - (-19 - (21 - 30))
36
What is the value of (3 - 19) + -56 + -353 + 324?
-101
4 - -3 - (83 - 200 - -89)
35
What is the value of 1976 - 2010 - (7 - 51)?
10
What is -53 - (-121 - -50 - 2)?
20
Evaluate -152 + (-85 - 17) + 180.
-74
141 - (-48 - -64) - 65
60
Evaluate 38 + -25 + -23 - (-17 - (4 - 2)).
9
Calculate 104 - 3 - (-13 + (-30 + 0 - -42)).
102
What is the value of -16 + -7 + 1 + (1 - -21) - (0 - 13)?
13
What is (-91 - (-32 + -25)) + (0 - 2)?
-36
What is the value of -47 - (65 - (-2 + 106))?
-8
What is the value of -74 - (-8 - 119) - -25?
78
Calculate -23 + 2 + 114 + (103 + -64 - 56).
76
What is the value of -6 + -5 + 9 + 7 + -10 + 3?
-2
Calculate -137 + (252 - 67) + -1 + -18.
29
What is (-2 - (0 - 15) - (2402 + -2374)) + 115?
100
What is the value of -25 + 9 + -57 + 62?
-11
What is -2 + 4 + (24 - -1) - (-4 + (12 - 11))?
30
What is the value of -78 + -55 + 79 - (-2 + 0 - -14)?
-66
Calculate (-41 + 13 + 4 + 45 - 9) + (-79 - -3).
-64
What is the value of (2 - 21) + (20 - 14 - 0) + 341 + -355?
-27
Calculate 60 + (-35 - (-29 - -16)).
38
Calculate (29 + (13 - 21) + 7 - 48) + 3 + -1.
-18
-5 + (3 + -9 + 37 + -4 - 16)
6
Calculate -29 - 0 - ((-11 - (11 + -34)) + -2).
-39
Calculate -19 - (194 - (78 - -18)).
-117
Calculate (-299 - -291) + 3 + -1 + -6 + -11.
-23
What is the value of -24 - -1 - (49 - (49 - 18))?
-41
What is the value of (-23 - 13 - 28) + 50 - (-12 + -1)?
-1
Evaluate -38 + (-10 - -23 - -18) - 37.
-44
-94 - ((32 - 7) + -76)
-43
26 - 21 - -21 - 70
-44
What is 12 + (32 - 90 - -98)?
52
Evaluate (-5 - (14 - 26)) + (-3 - 18) + 148 + -3.
131
(7 - (-122 - -47)) + -1
81
What is -13 - (-17 - 1 - (-54 - (-25 + -11)))?
-13
What is -1 + 0 - (14 + (8 - 140) + 41)?
76
What is 9 - (11 + 104 + -47 + (-1 - (5 - 3)))?
-56
Evaluate -47 - (-1 - -3) - (10 + 8 + -19 + -11).
-37
67 - 0 - 58 - (-94 - 8)
111
Evaluate 10 - (-12 - (7 + -14 - 70) - 10).
-45
What is 14 - (36 - (-15 - -57))?
20
Calculate -14 - (-64 + 86 - (40 + -4)).
0
Evaluate 36 + -9 + 25 + (-10 - -2) + 2.
46
-26 + (-5 + -1 - (-416 + 352))
32
Evaluate -80 + -1 + (59 - (-38 + 101 - -9)).
-94
What is -1 + -14 - (0 - -1) - (36282 + -36218)?
-80
What is -2 + 5 + 2 + (-38 - (-28 - -31))?
-36
What is the value of 0 + ((17 - (-1 + -4 - -10)) + -7 - 44)?
-39
Calculate -121 + (9 - 3 - (9 - 21) - (9 + -2)).
-110
Calculate (79 - -13) + (-109 - -107 - (0 - (0 - -8))).
98
What is the value of (-401 + 384 - (6 + -2 - -1)) + 2 + 12?
-8
(56 - (3 + -6)) + -130 + 122
51
8697 + -8831 - (0 + -140)
6
139 - (224 + 25 - -30)
-140
Evaluate ((2 - 1) + -33 - (41 - 36)) + 5 + 4.
-28
Calculate (-8 - -25) + -25 - (-6 + -17).
15
Evaluate (22 + -36 - 33) + 45 - (0 - -36).
-38
Evaluate (1 + 1 - -66) + (42 - (11 + -5)) + -30.
74
Evaluate -1 - 41 - (0 + -5 + -34 + 26).
-29
What is (-95 - -85) + (0 - -3 - -28) + -5?
16
What is (3 - (21 + -6 + 2) - -4) + (856 - 805)?
41
What is (-50 - -31) + -39 - -3?
-55
What is the value of (1 + 0 + 10 - 2) + -4348 + 4274 + -1?
-66
What is -7 - 1 - (-20 - (-43 - 0) - 19)?
-12
What is the value of -8 - (12 + -7 + -9 + 7) - -150?
139
4 - (18 + -58 + 9)
35
(-20 - 0) + -4 + 6 - (-113 + 117)
-22
Evaluate (-18 - (-12 - 75)) + -14.
55
-2 + 4 + -24 + 64 + -79
-37
What is the value of 78 - 62 - (2 - 0) - (9 - (-6 + 13))?
12
Calculate (-117 - -144) + -152 - -45.
-80
Evaluate (45 - 64) + 41 - 42.
-20
(63 - 63) + 29 - 15
14
What is the value of (90 - 3 - 113) + 151?
125
What is (-1092 - -1027) + 1 + 177?
113
(25 - (48 + -10)) + 20 - 36
-29
Calculate -216 + 131 - (-77 + 3).
-11
Calculate -132 - (-17 + -13 - (107 + -113)).
-108
Evaluate 21 - (121 + (-13 - ((-20 - -1) + 23))).
-83
81 + (91 - 68) + -91
13
Calculate 159 - (89 - -13) - (22 + 1 + -4).
38
Calculate -38 + -13 + 62 + -28 - (-99 - -3).
79
Calculate -2 + 24 + 1 + (-947 - -917).
-7
Calculate -7 + (-3 + 3 + -8 - (-66 - (30 - -1))).
82
Evaluate 0 - 4 - (-8 + (-71 - -32) + 44).
-1
Evaluate (-10 - -10) + -25 + (97 - 6).
66
Calculate -6 - (147 + -74 + -85).
6
Evaluate -1 - (13 - -2) - (-127 - -136).
-25
Calculate -8 - (1 + 35) - (0 + 1 + -2).
-43
What is the value of -1 - -37 - (-645 + 687)?
-6
Calculate (-31 - (40 + -90)) + -15.
4
What is (28 - (8 - (0 - 0))) + -10 + -34 + 0?
-24
What is the value of 14 - (-1 + 125 + -74)?
-36
64 + (19 - (-3 + 29)) + -20
37
Evaluate -61 - (366 + -373 + (2 - -1) - 2).
-55
Calculate -5849 + 5862 + (0 - 3).
10
Evaluate -1 + -1 - (-48 + 165 + -161).
42
Calculate -48 + -68 + 106 + -6 + 42.
26
What is 35 + 10 + 21 + -16 + 2?
52
Evaluate (-15 - -1 - (86 - 77)) + -21.
-44
What is the value of -29 + 20 + 31 - (9 - 0) - -39?
52
What is -30 - (-18 + -9 + 3 - (-13 - -5))?
-14
-13 + 19 + (-17 - 5) - -14
-2
3 + (-22 - -1) + -88 + 120 + -20
-6
What is the value of -93 + 96 + -8 + -4?
-9
Calculate 46 - (232 + -195) - (-1 + -38 - 2).
50
Evaluate (72 - 1) + 13 - (26 + -31 - -9).
80
Calculate -1 - -59 - (-17 - (-162 + 168)).
81
Calculate 114 + (-14 - -15) + -13 - (1 + -6).
107
Calculate 64 + 16 + (-5 - 68).
7
Evaluate -174 + (315 - 89) - (1 + 1 + -5).
55
What is -1 + 3 - (-16 - (-12 + -15 - -52))?
43
What is 0 + -2 + -17 + 21 + 13 + 12?
27
What is the value of -89 + (96 - (85 - 10))?
-68
What is 118 - ((11 + 51 - 42) + -15)?
113
What is the value of 3